 the greatest common factor of g and l?
28
Suppose 2*d = 3*k - 1145, 3*k + d - 1011 - 149 = 0. Suppose -y + 80 = -k. What is the greatest common factor of 62 and y?
31
Let w(o) = o**3 - 13*o**2 + 18*o - 20. Let g be w(10). Let q = 150 + g. Let z = 10 - 5. What is the greatest common divisor of q and z?
5
Let x(l) = 7*l**2 + 39 + 19 - 26*l - 12*l**3 + 16*l**3 - 3*l**3 - 24*l**2. Let i be x(21). What is the highest common divisor of i and 44?
44
Let z = 9 - 9. Suppose -12 + z = -3*o. Suppose -2*x - 12 = -o*f - 58, 5*x - 3*f = 94. Calculate the highest common divisor of 17 and x.
17
Suppose h = -3*j + 231, -589 - 605 = -5*h - 2*j. Suppose 42*b = 52*b - h. What is the highest common divisor of 32 and b?
8
Suppose 85*b - 61248 = 41*b. Calculate the highest common factor of 1218 and b.
174
Let v(b) = -8*b + 1. Suppose -1 = 4*q + 15. Let x be v(q). Let y = 363 - 330. What is the highest common divisor of x and y?
33
Let v(n) = n**3 + 39*n**2 + 246*n + 85. Let a be v(-31). What is the highest common divisor of 42 and a?
21
Let m be (-4)/(-6) - (-3)/9*17929. Suppose 5*t - 4*t = 4*j - m, 2985 = 2*j + 3*t. Calculate the highest common divisor of j and 18.
18
Suppose 28*y + 767 = 10847. Let t = 398 - y. Calculate the highest common divisor of 304 and t.
38
Let c be (1/2)/((-3)/(-24)). Suppose -2*i + 20 = 4*a, 2*a = -7*i + c*i + 14. Suppose -11*f = -436 - 268. Calculate the highest common factor of f and a.
4
Suppose 0 = -2*y - 2*l + 6, -3*l = -0*y + 2*y - 10. Let p be (105/(-9))/(y - (-17)/18). Suppose 2*a = 4*a - p. Calculate the highest common factor of 35 and a.
35
Let h = 1630 - 1626. What is the highest common divisor of 876 and h?
4
Let n be (-122)/20*(-4 + -2)/((-24)/(-40)). What is the highest common divisor of n and 41968?
61
Let b(l) be the first derivative of l**4/2 - l**3/3 + l**2 + 9. Let i be b(2). Suppose 2*a + 1372 = i*a. Calculate the highest common divisor of a and 28.
14
Suppose 3*g = 4*w + 142, 20 + 11 = g + w. What is the highest common divisor of g and 16359?
19
Suppose 2*q - 44 = 3*x, 5*x + 47 + 17 = q. Let u(b) = -54*b - 436. Let l be u(x). What is the highest common factor of l and 53?
53
Let b = -4480 - -4564. Calculate the highest common factor of 231 and b.
21
Let a(v) = -3794*v + 37965. Let z be a(10). Suppose 0 = -5*x - 0*t - 3*t + 622, 0 = 5*x + 2*t - 623. What is the greatest common divisor of z and x?
25
Suppose 3*y + 5*v = 69, 6 - 3 = v. Let c be 57/((-171)/(-246)) - 16. Calculate the highest common divisor of y and c.
6
Let z be (1 - -19)/((-1179)/108 - -11). What is the highest common factor of 210 and z?
30
Suppose -65*c + 34*c = -23*c - 272. Calculate the greatest common factor of 3621 and c.
17
Suppose 4382 = -38*d + 43712. Calculate the highest common factor of d and 135.
45
Let d(v) = 2*v**3 + 14*v**2 - 6*v - 15. Let n be d(-7). Suppose 5*i - 55 - 179 = 3*s, 33 = i + 4*s. Calculate the greatest common divisor of n and i.
9
Let j be (-4)/(-10) - 8/(-120)*-411. Let k = j - -407. Calculate the highest common factor of 20 and k.
20
Let z be 1/(-2)*1200/(-6). Suppose -600 = 280*n - 284*n. Calculate the greatest common divisor of z and n.
50
Let h(j) = -69*j - 417. Let p be h(-7). What is the greatest common factor of p and 618?
6
Let q = -39 - -39. Let z be 5 - (12/(-3) + q). Suppose w - 21 + z = 0. Calculate the greatest common factor of 252 and w.
12
Suppose -5 = -t, -3*t - 44 = -2*o - t. Let j(d) = 16 - 11 + 24 + 17 - 7*d. Let n be j(-5). Calculate the highest common factor of o and n.
27
Let f(v) = v**3 + v**2 - v. Let t be f(-2). Let l be 1*213/(-6)*5/10*-4. Let j be (t - 3*-1) + l + 5. What is the highest common factor of 7 and j?
7
Suppose 47*j - 146*j + 2079 = 0. Let m be -1 - (2 + (-15)/(-3)). Let s be m/((12/63)/(-4)). Calculate the greatest common factor of s and j.
21
Let r = 26631 - 26576. Calculate the greatest common factor of r and 415.
5
Let k = -24000 + 24629. Calculate the highest common divisor of k and 1073.
37
Suppose -771 = -162*d + 45*d - 140*d. Let n be (-2)/1 - (-115)/5. What is the highest common factor of d and n?
3
Let z = 45 + -45. Suppose -g + 133 + 74 = z. Calculate the highest common divisor of g and 138.
69
Let h(c) = 0 + 7*c + 0 + 9*c + 2. Let t be h(-8). Let a = t + 189. What is the greatest common divisor of a and 9?
9
Suppose 0 = 3*j - 21. Let r(p) = p**2 + 13*p - 46. Let s be r(6). Suppose -j*q + s = -16. What is the highest common factor of q and 12?
12
Suppose 2*t - 2*x = -544, -5*t - 5*x - 681 - 709 = 0. Let b = t - -278. Calculate the greatest common factor of b and 93.
3
Suppose -4*j - 40 = -p + 63, 3*p - 389 = -4*j. Suppose 4*b + t - 1149 = 0, 686 = 2*b + 3*t + 109. What is the greatest common divisor of b and p?
41
Suppose -2*n - 121 = -3*i, 4*i + 134 = 5*n + 307. What is the greatest common factor of 2701 and i?
37
Suppose 4*j + 2*o = 78, 0 = -j + 3*o - 2*o + 21. Suppose 2*p - 70 = -3*v - j, 4*v - 52 = p. Calculate the greatest common factor of v and 56.
14
Let s(t) = 4*t - 19. Let j be s(6). Suppose 400 - 65 = -j*c - 5*m, 5*m = 3*c + 169. Let l = -29 - c. What is the greatest common factor of l and 51?
17
Let h(y) = y**2 + 22*y + 45. Let a be h(-20). Suppose 4*m = a*n - n + 44, -4*n + 10 = 5*m. Calculate the highest common factor of m and 150.
6
Suppose -363 = -12*j + 21. Let r be (6/(-4))/((-18)/444). Let k be 18/30 + r/5. What is the greatest common divisor of j and k?
8
Suppose 4*s = 8*s + 4*y - 4364, 4*y - 1085 = -s. Suppose 5*r - s = 7. Calculate the greatest common factor of r and 44.
44
Suppose 4*t = 2*d + 9 + 21, -31 = -4*t + 3*d. Suppose -t*r + 526 + 300 = 0. Calculate the greatest common divisor of r and 295.
59
Suppose -79*k = -75*k + 48. Let j(p) = -12 + p**3 + 16*p**2 + 10*p - 2 - 3*p**2. Let z be j(k). Calculate the highest common divisor of z and 20.
10
Let v be (-1)/(5 + 84/(-18)). Let m be ((-30)/(-6) + v)*(2 - -18). What is the greatest common factor of m and 40?
40
Let d(p) = 12*p**2 - 10*p + 18*p - 15*p + 8 - p**3. Let z be (-162)/(-21) + (-4)/(-14). Let l be d(z). What is the highest common factor of 26 and l?
26
Let h be (6/(-2) + (-1881)/(-594))*(31 + -1). Suppose -5 = 4*n - 13. Let l be n/(-7) - 214/(-14). What is the greatest common factor of l and h?
5
Let z = -216 - -1107. Calculate the greatest common divisor of 693 and z.
99
Let c be -2*((-119)/(-102) + 17596/(-24)). Calculate the highest common divisor of 3111 and c.
183
Suppose 0 = 2*j - n, -n - 6 = -j + 2*j. Let m be 54/(1*j) - (0 + -2). Let q be (8 - m/(-5)) + 84. Calculate the greatest common divisor of q and 29.
29
Let v(p) = -4*p + 119 + p - 120. Let h be v(-37). Suppose 3*r + z = 127, 129 = 3*r - z - 8. What is the highest common factor of h and r?
22
Suppose 3*y + 7 = 343. Let p be (y/(-2))/((-16)/40). Let d be 740/p + 1 + (-18)/14. Calculate the greatest common factor of 5 and d.
5
Let h = 4607 - 4507. What is the highest common factor of 325 and h?
25
Let m = -4607 - -6779. Calculate the highest common divisor of 12 and m.
12
Let u = -89 - -113. Let q be 8/(-40) - (-91)/5. What is the greatest common divisor of u and q?
6
Suppose 22*o + 25*o + 564 = 0. Let l = -21 - -36. Let j be (-10)/l + (-296)/o. What is the highest common divisor of 264 and j?
24
Let l = 314 + -325. Let t be 2/l + (-42977)/(-121). Calculate the greatest common divisor of t and 5.
5
Let n = 136 + -132. Suppose -5*j - n*y + 56 = -444, -303 = -3*j - 3*y. Calculate the highest common factor of j and 416.
32
Let c be (4 - (3 + 0))*22. Suppose -c = -l - l. Suppose -92 = -2*g - 2*p, -g - 43*p + 44*p = -42. Calculate the greatest common factor of l and g.
11
Suppose 4*l - 101 = 5*s, 163*s - 158*s + 43 = 2*l. Let x be (-29)/((-3)/54*2). What is the greatest common divisor of l and x?
29
Suppose -b + 1 = -1. Suppose 0 = z - b*z + x - 3, -3*z + 16 = 2*x. Suppose 8 = z*f, -w + 4*f + f + 1 = 0. Calculate the greatest common divisor of 7 and w.
7
Let h be (378/(-5))/((-22)/(-165)*-3). Calculate the highest common divisor of 108 and h.
27
Let v(y) = -y**3 + 3*y**2 + 3*y - 1. Let h be v(3). Let l(g) = -644*g + 2260. Let j be l(3). What is the greatest common divisor of j and h?
8
Suppose -6 = 3*q + 12. Let s be (-5 - q)*-6*44/(-3). Let i = -70 + s. What is the highest common divisor of 198 and i?
18
Suppose -4*c + 3 = -5. L